hen 412467 is divided by 11783?
62
Calculate the remainder when 34543633 is divided by 7.
5
Calculate the remainder when 8607238 is divided by 8.
6
Calculate the remainder when 757088 is divided by 1601.
1416
What is the remainder when 4163576 is divided by 47?
34
Calculate the remainder when 10136154 is divided by 1689346.
78
What is the remainder when 64580 is divided by 3238?
3058
Calculate the remainder when 229746 is divided by 32.
18
Calculate the remainder when 40899333 is divided by 184.
181
What is the remainder when 13136 is divided by 258?
236
What is the remainder when 5420004 is divided by 1806664?
12
Calculate the remainder when 593665174 is divided by 24.
22
What is the remainder when 4768204 is divided by 1315?
14
What is the remainder when 87382 is divided by 86034?
1348
Calculate the remainder when 15332356 is divided by 40.
36
What is the remainder when 63169 is divided by 62966?
203
Calculate the remainder when 1654603 is divided by 1861.
174
Calculate the remainder when 11291216 is divided by 7.
6
What is the remainder when 66078 is divided by 185?
33
Calculate the remainder when 26507001 is divided by 45.
21
Calculate the remainder when 60255759 is divided by 2797.
2785
What is the remainder when 10357835 is divided by 191810?
95
Calculate the remainder when 578061677 is divided by 22.
17
What is the remainder when 1466012 is divided by 7330?
12
What is the remainder when 30345919 is divided by 791?
786
Calculate the remainder when 41900 is divided by 40745.
1155
Calculate the remainder when 36046 is divided by 5791.
1300
What is the remainder when 693840 is divided by 9251?
15
Calculate the remainder when 219830 is divided by 219275.
555
What is the remainder when 594347 is divided by 18547?
843
Calculate the remainder when 94925 is divided by 15786.
209
What is the remainder when 1114992 is divided by 3869?
720
What is the remainder when 1051839 is divided by 525605?
629
Calculate the remainder when 1957277 is divided by 93.
92
What is the remainder when 237308 is divided by 2013?
1787
What is the remainder when 108130 is divided by 17334?
4126
Calculate the remainder when 439265 is divided by 154.
57
What is the remainder when 45700755 is divided by 40?
35
What is the remainder when 1279655 is divided by 17292?
47
What is the remainder when 3044726 is divided by 531?
503
Calculate the remainder when 6056331 is divided by 208839.
0
What is the remainder when 885364 is divided by 11067?
4
What is the remainder when 4743598 is divided by 308?
90
What is the remainder when 54845557 is divided by 149?
147
Calculate the remainder when 18623 is divided by 2177.
1207
What is the remainder when 354675 is divided by 355?
30
Calculate the remainder when 12462 is divided by 1300.
762
Calculate the remainder when 176769598 is divided by 320.
318
Calculate the remainder when 1768 is divided by 1561.
207
What is the remainder when 542755 is divided by 2754?
217
Calculate the remainder when 308863 is divided by 95.
18
Calculate the remainder when 57897 is divided by 6773.
3713
Calculate the remainder when 16855552 is divided by 417.
412
What is the remainder when 245619 is divided by 80953?
2760
What is the remainder when 6881442 is divided by 5249?
3
Calculate the remainder when 159853 is divided by 189.
148
What is the remainder when 239111522 is divided by 1812?
2
What is the remainder when 11085312 is divided by 31582?
30
What is the remainder when 3331032 is divided by 333102?
12
Calculate the remainder when 187851 is divided by 13975.
6176
What is the remainder when 414726 is divided by 750?
726
Calculate the remainder when 158771195 is divided by 916.
915
Calculate the remainder when 1988908 is divided by 27622.
124
Calculate the remainder when 21803 is divided by 91.
54
What is the remainder when 1095809075 is divided by 86?
85
Calculate the remainder when 14973 is divided by 7208.
557
What is the remainder when 334363 is divided by 111282?
517
Calculate the remainder when 12736418 is divided by 66.
2
Calculate the remainder when 279624 is divided by 29.
6
What is the remainder when 190414 is divided by 716?
674
Calculate the remainder when 354660 is divided by 128.
100
What is the remainder when 1289910960 is divided by 379?
378
Calculate the remainder when 941299 is divided by 1853.
1828
Calculate the remainder when 4432550 is divided by 2920.
2910
Calculate the remainder when 530418893 is divided by 133.
130
Calculate the remainder when 30458 is divided by 1852.
826
Calculate the remainder when 399759 is divided by 99847.
371
What is the remainder when 16868633 is divided by 50?
33
What is the remainder when 167394 is divided by 41743?
422
Calculate the remainder when 630283 is divided by 3463.
17
What is the remainder when 689222 is divided by 3251?
10
Calculate the remainder when 885992 is divided by 3973.
13
What is the remainder when 51260 is divided by 24169?
2922
Calculate the remainder when 551067 is divided by 78722.
13
What is the remainder when 12997281 is divided by 3683?
3657
What is the remainder when 59018724 is divided by 465?
459
What is the remainder when 100627 is divided by 2339?
50
Calculate the remainder when 21986 is divided by 5195.
1206
What is the remainder when 13265160 is divided by 1894996?
188
Calculate the remainder when 428990 is divided by 214441.
108
What is the remainder when 4092537 is divided by 177936?
9
What is the remainder when 221576 is divided by 6708?
212
What is the remainder when 8323776 is divided by 367?
216
What is the remainder when 136597 is divided by 9721?
503
Calculate the remainder when 2553553 is divided by 1595.
1553
Calculate the remainder when 9758446 is divided by 2334.
2326
Calculate the remainder when 413868 is divided by 137865.
273
Calculate the remainder when 156920 is divided by 817.
56
Calculate the remainder when 147041925 is divided by 2728.
2725
What is the remainder when 17821982 is divided by 32111?
377
Calculate the remainder when 135788572 is divided by 11778.
10
Calculate the remainder when 491142 is divided by 6462.
30
What is the remainder when 20808 is divided by 1186?
646
Calculate the remainder when 88135 is divided by 6693.
1126
What is the remainder when 374259 is divided by 2498?
2057
Calculate the remainder when 196626 is divided by 9356.
150
Calculate the remainder when 6002312 is divided by 1195.
1022
What is the remainder when 31712950 is divided by 6716?
6714
Calculate the remainder when 771747 is divided by 2205.
2202
Calculate the remainder when 216097 is divided by 913.
629
What is the remainder when 5412782 is divided by 201?
53
Calculate the remainder when 577931 is divided by 52538.
13
Calculate the remainder when 4758597 is divided by 25.
22
What is the remainder when 45878143 is divided by 316?
315
Calculate the remainder when 32389641 is divided by 3.
0
What is the remainder when 771726 is divided by 56?
46
Calculate the remainder when 1071758 is divided by 1071677.
81
Calculate the remainder when 717230 is divided by 42189.
17
Calculate the remainder when 2672652 is divided by 212.
180
Calculate the remainder when 149683905 is divided by 37420973.
13
What is the remainder when 2599200 is divided by 1083?
0
What is the remainder when 1049049 is divided by 9202?
21
What is the remainder when 372434377 is divided by 334?
329
What is the remainder when 10847371 is divided by 2875?
2871
Calculate the remainder when 7312845 is divided by 3550.
3395
What is the remainder when 225395 is divided by 111944?
1507
Calculate the remainder when 49052949 is divided by 2581734.
3
Calculate the remainder when 960191 is divided by 250.
191
Calculate the remainder when 9775 is divided by 1297.
696
Calculate the remainder when 35162 is divided by 2520.
2402
Calculate the remainder when 2920905 is divided by 120.
105
What is the remainder when 3806136 is divided by 21263?
59
What is the remainder when 388137 is divided by 885?
507
What is the remainder when 134083 is divided by 599?
506
What is the remainder when 4815591 is divided by 3245?
11
What is the remainder when 17600232 is divided by 104?
0
What is the remainder when 17300603 is divided by 82?
79
Calculate the remainder when 748166 is divided by 74760.
566
What is the remainder when 61